 n(j) = 201*j + 360. What is the units digit of n(4)?
4
Let b be (-2*(-3 + 4))/(-1). Suppose -3*u + 7*u - 3*m = 125, -2*m = b*u - 66. What is the tens digit of u?
3
Let k(n) = n**2 + 4*n - 10. Let u be k(7). Suppose u = -2*c + 223. What is the units digit of c?
8
Suppose 0 = -4*d - 5*f + 23, -4*d - 5 = f - 32. Suppose -5*t = -d*t + 6. Suppose -t*a + 28 = 2*u, 19 = 4*a + 2*u - 3*u. What is the units digit of a?
6
Suppose -d + 4 = -5*d, -g + 8 = -4*d. Let b = 5 - g. What is the tens digit of (-306)/(-12) - b/2?
2
Suppose 4 = -5*w + 3*w. Let h(i) = 7*i**2 + 4*i + 5. What is the tens digit of h(w)?
2
Suppose -2*y = -819 + 69. Suppose 0 = 4*m - y + 19. What is the tens digit of m?
8
Suppose 5*p - 3*j - 20 = 3*p, -2*p = j - 12. Let d = -4 + p. What is the units digit of 3/(30/9 - d)?
9
Suppose -788 = -5*b + 1657. Suppose 4*f = 5*j - b, j = 2*j - 2*f - 93. What is the units digit of j?
1
Suppose 14*d + 61 = 15*d. Let n = 290 - d. What is the hundreds digit of n?
2
Let r be 84/22 + (-2)/(-11). Suppose -5*y + 5 = 10, -r*y = 3*h - 89. Suppose -19 = -u + h. What is the tens digit of u?
5
Let t be (-18)/2*2/(-6). Let w be 22*24/10 - 3/(-15). Suppose -t*s = -197 + w. What is the units digit of s?
8
Suppose -3*d - 8 + 14 = 0. Suppose 1 = k + d, -4*v = 4*k - 208. What is the tens digit of v?
5
Let l(a) = -a**3 + 4*a**2 - 5*a + 3. Let u(v) = -v**3 + 4*v**2 - 3*v + 2. Let i be u(2). Let p be l(i). Let o = p + 34. What is the tens digit of o?
1
Suppose 6*j + 1883 = 7*j. What is the thousands digit of j?
1
Suppose 15*w = 86*w - 72775. What is the hundreds digit of w?
0
Let p be 4/10 - 23/(-5). Suppose 2*x - 78 = -2*x - p*l, 4*l = x - 30. Let o = x + -13. What is the units digit of o?
9
Let j(t) = -t**3 + 16*t**2 - 11*t + 6. Suppose -5*x - 55 = -5*z, -z - 3*z + x + 56 = 0. Let v be j(z). What is the tens digit of (4/(-6))/((-2)/v)?
2
Suppose -105*q - 655 = -106*q. What is the hundreds digit of q?
6
Let q(o) = -o**3 - 5*o**2 + 15*o + 7. Suppose 24 = 8*g - 11*g. What is the units digit of q(g)?
9
Let v(a) = -3*a**3 - 13*a**2 - 5*a - 13. What is the hundreds digit of v(-7)?
4
Suppose 0 = 3*h + 2*b - 4123, 2*h - 2766 = 4*b - b. What is the thousands digit of h?
1
Let z(w) = -11*w**3 + 25*w**2 + 19*w + 15. Let n(p) = -5*p**3 + 12*p**2 + 9*p + 7. Let c(q) = 13*n(q) - 6*z(q). What is the tens digit of c(-4)?
2
What is the tens digit of 44/121 + (70458/11)/2?
0
Let h be (-1)/(-1 + (-4)/(-5)). Let r = h + 9. Suppose -2*o + r = -0. What is the units digit of o?
7
Let y(l) = -7*l**2 - 15*l - 1. Let f be y(-4). Suppose s - 66 = 4*s. Let n = s - f. What is the tens digit of n?
3
Let m(y) be the third derivative of -y**6/120 - y**5/12 - y**4/6 + 4*y**2. Let l be m(-4). Suppose f = -l*f + 24. What is the tens digit of f?
2
Suppose 3*p = -0*p - 81. Suppose 255 = 4*z + 4*g - 977, z - g - 300 = 0. What is the tens digit of z/6 - (-18)/p?
5
Let n(t) = 29*t**2 - 6*t - 12. What is the tens digit of n(-4)?
7
Let o(a) = 6*a**2 - 2*a + 3. Let m(q) = q**2 + 9*q + 12. Let l be m(-8). What is the tens digit of o(l)?
9
Suppose 4*z = 2*z - 16. Let r = -5 - z. Suppose r = h - 26. What is the tens digit of h?
2
Let z(g) = -35*g - 1. Let y be z(-3). Suppose y*b + 6 = 105*b. What is the units digit of b?
6
Let o = 5 + -7. Let k(x) = -18*x**3 + 2*x**2 + 3*x + 3. What is the units digit of k(o)?
9
Suppose -5*d = -5*p + 380, 2*p - 236 = -p + 5*d. Let q = 143 - p. What is the tens digit of q?
7
Let y(q) = -3 - q**3 + 145*q**2 + 10 - 5*q - 151*q**2. Let a = 12 + -17. What is the units digit of y(a)?
7
Let y(p) = 115*p**2 + 17*p - 11. What is the hundreds digit of y(4)?
8
Let y(g) = g**3 - 5*g**2 + 3*g + 12. Let o be y(7). Let p = o + -80. Let j = 114 - p. What is the units digit of j?
3
Suppose -5 + 17 = 3*w. Suppose -l = -4*v + 13, -l + w*v - 55 = -6*l. Let m(g) = g + 9. What is the tens digit of m(l)?
1
Let t be 1/((-1)/(-13) - 0). Let l = 24 + t. What is the units digit of l?
7
Let a be 3 - 18 - 1/(-1). Let l be (-10)/a - 14/(-49). What is the tens digit of -4 + l - 56/(-2)?
2
What is the hundreds digit of 7134/18*(6 + -3)?
1
Let k = 37 + -27. Suppose k*a - 12*a + 140 = 0. What is the tens digit of a?
7
Let a = 13 - 10. Suppose a*o = -o. Suppose o = r - 0*r - 6. What is the units digit of r?
6
Let a be -33*(-1 + (-26)/6). Suppose -a = -0*w - 4*w. Let l = w - 25. What is the tens digit of l?
1
Let r(c) be the third derivative of 7*c**5/60 - c**3 - 6*c**2. What is the units digit of r(-3)?
7
What is the units digit of (238/(-35))/((2/1)/(-150))?
0
Let y(b) be the second derivative of 9*b + 1/3*b**4 - 3/2*b**2 + 0 - 2/3*b**3. What is the tens digit of y(-3)?
4
Let x = -6 + 6. Let a = x - -2. Suppose -2 - 4 = -a*j. What is the units digit of j?
3
Let g(p) = p**3 + 17*p**2 - 23*p + 34. Let t(d) = -2*d**2 + 3*d + 2. Let s be t(4). What is the units digit of g(s)?
4
Suppose 0 = 6*d - 3443 - 1933. What is the hundreds digit of d?
8
Suppose k + 5 = 0, 3*c + 4633 = 5*c + 3*k. What is the tens digit of c?
2
Suppose 7*y - 446 + 33 = 0. What is the units digit of y?
9
Let u(f) = -2*f + 4. Let i be 3/(-12)*-2*-34. Let j = i + 10. What is the tens digit of u(j)?
1
Let h be 3*6 - (-4)/(-2). Let r be (-2*6)/(24/16). Let s = h + r. What is the units digit of s?
8
Suppose y = 4*h - 10362, 4*h - 5*y - 1810 - 8560 = 0. What is the units digit of h?
0
Suppose 12 = -v - 2*v, -2*p = -2*v - 1264. What is the tens digit of p?
2
Let c = 239 - 219. What is the tens digit of c?
2
Suppose -429 = -3*b + w, -4*b - 429 = -7*b - 3*w. Let x(f) = 7*f + 137. Let h be x(-19). Suppose b = h*c - 73. What is the tens digit of c?
5
Let c = -2 - -2. Let d(x) = -7*x + 1. Let h be d(-3). Let i = h - c. What is the units digit of i?
2
Let n = 53 - -125. What is the tens digit of n?
7
What is the thousands digit of ((-7)/(-70)*-12)/((-6)/14120)?
2
Let y(s) = s**3 + 15*s**2 + 3*s - 39. What is the units digit of y(-13)?
0
Suppose 23*m - 20171 = 13662. What is the tens digit of m?
7
Suppose -2*p + 6*p - 4000 = -4*m, 5*p - 2*m = 5000. Suppose 56*g - p = 48*g. What is the tens digit of g?
2
Let i(l) = 35*l**2 + 7*l - 5. Let y(g) = g**2 - g. Let s(t) = i(t) + 5*y(t). What is the tens digit of s(-2)?
5
Let f = -16 - -15. What is the tens digit of f/(-5) + (-9128)/(-35)?
6
Let m(f) = 2*f**2 - 39. Let i be m(0). Let r = -33 - i. Suppose 2*l = r*l + 4*n - 100, n = 3*l - 75. What is the units digit of l?
5
Suppose 4*i + m - 4 = 0, 4*i - 40 = 5*m - 12. Suppose 3*y - 2*n = i*y + 45, 3*n - 83 = -2*y. What is the units digit of y?
3
Suppose 5*i + 4*f = 2*i + 3866, -4*i = -2*f - 5184. What is the thousands digit of i?
1
Let s be (-5)/5*(-3 + -1). Suppose -s*q = 3*v - 9, -2*v = -3*q - 2 - 4. Suppose h + o + 2*o - 35 = 0, q = -5*h + o + 175. What is the tens digit of h?
3
What is the units digit of 22150/275 - (-12)/(-22)?
0
Suppose 36*y + 3*y - 10296 = 0. What is the tens digit of y?
6
Let a = -252 - -376. What is the units digit of a?
4
What is the tens digit of 372/18*(14 - 2)?
4
Let p(c) = 20*c + 447. What is the hundreds digit of p(38)?
2
Suppose -120 = -4*g - 4*t, 5*g - 3*t + 5*t - 162 = 0. Suppose -4*x + 2*x = g. Let z = x - -61. What is the units digit of z?
4
Suppose -13*q - 16 = -14*q. Suppose 5*r - r - 4*z = q, -2*z = 0. Suppose r*o - 35 = -o. What is the units digit of o?
7
Let z(m) = m**3 - m - 1. Let r(s) = s**3 - 5*s**2 - 6*s - 1. Let j(q) = -r(q) + 2*z(q). Let t be j(-6). Let u = 112 + t. What is the tens digit of u?
5
Suppose -3*k - 214 = 638. Let j = -154 - k. What is the units digit of j?
0
Let x = -712 - -2603. What is the tens digit of x?
9
Let f = 4 - 2. Suppose 40 + 66 = -f*t. Let p = -22 - t. What is the units digit of p?
1
Let q(i) = 3*i**3 + 2*i**2 + 2*i + 387. What is the units digit of q(0)?
7
Suppose 31*j = 57*j - 15990. What is the tens digit of j?
1
Let t = 14 + -73. Let d = t + 96. What is the tens digit of d?
3
Suppose 4*n + 2264 = 2*i + 5*n, 2 = -n. What is the thousands digit of i?
1
Suppose -1504 + 262 = -18*n. What is the tens digit of n?
6
Let u(p) = -2*p**2 - 1 + p - 1 - 2 - p**3. Let l be u(-7). What is the units digit of (l/15)/((-10)/(-25))?
9
Let x(a) = a**3 - 3*a**2 - 1. Let k be x(3). Let t be 20/6 + k/3. Suppose i - 12 = 3*d, 0 = -i - 4*i + t*d + 24. What is the units digit of i?
3
What is the hundreds digit o